{"id":735,"date":"2024-08-29T14:28:50","date_gmt":"2024-08-29T12:28:50","guid":{"rendered":"https:\/\/wf.lattmann.de\/privatkunden\/?post_type=product&#038;p=735"},"modified":"2026-02-20T11:05:21","modified_gmt":"2026-02-20T10:05:21","slug":"halfar-laptop-rucksack-daily","status":"publish","type":"product","link":"https:\/\/wf.lattmann.de\/privatkunden\/produkt\/halfar-laptop-rucksack-daily\/","title":{"rendered":"Halfar Laptop Rucksack Daily"},"content":{"rendered":"<p>Urbaner \u00dcberschlag-Rucksack, gro\u00dfes Hauptfach mit Rei\u00dfverschluss und<\/p>\n<p>zus\u00e4tzlicher Klettlasche. Gepolstertes Notebookfach und flaches Einsteckfach innen.<\/p>\n<p>Gro\u00dfe Rei\u00dfverschluss-Vortasche auf der Front und zwei seitliche Einsteckf\u00e4cher.<\/p>\n<p>Gepolstertes Tragesystem und Handgrif.<\/p>\n<p>Gr\u00f6\u00dfe ca. 42cm Hoch, 28 cm Breit, 13 cm Tief<\/p>\n<p>&nbsp;<\/p>\n","protected":false},"excerpt":{"rendered":"<p>VPE: 1 St\u00fcck<\/p>\n","protected":false},"featured_media":736,"template":"","meta":[],"product_brand":[],"product_cat":[42],"product_tag":[],"class_list":{"0":"post-735","1":"product","2":"type-product","3":"status-publish","4":"has-post-thumbnail","6":"product_cat-werbeartikel","8":"first","9":"outofstock","10":"taxable","11":"shipping-taxable","12":"purchasable","13":"product-type-simple"},"_links":{"self":[{"href":"https:\/\/wf.lattmann.de\/privatkunden\/wp-json\/wp\/v2\/product\/735","targetHints":{"allow":["GET"]}}],"collection":[{"href":"https:\/\/wf.lattmann.de\/privatkunden\/wp-json\/wp\/v2\/product"}],"about":[{"href":"https:\/\/wf.lattmann.de\/privatkunden\/wp-json\/wp\/v2\/types\/product"}],"wp:featuredmedia":[{"embeddable":true,"href":"https:\/\/wf.lattmann.de\/privatkunden\/wp-json\/wp\/v2\/media\/736"}],"wp:attachment":[{"href":"https:\/\/wf.lattmann.de\/privatkunden\/wp-json\/wp\/v2\/media?parent=735"}],"wp:term":[{"taxonomy":"product_brand","embeddable":true,"href":"https:\/\/wf.lattmann.de\/privatkunden\/wp-json\/wp\/v2\/product_brand?post=735"},{"taxonomy":"product_cat","embeddable":true,"href":"https:\/\/wf.lattmann.de\/privatkunden\/wp-json\/wp\/v2\/product_cat?post=735"},{"taxonomy":"product_tag","embeddable":true,"href":"https:\/\/wf.lattmann.de\/privatkunden\/wp-json\/wp\/v2\/product_tag?post=735"}],"curies":[{"name":"wp","href":"https:\/\/api.w.org\/{rel}","templated":true}]}}