{"id":1476,"date":"2025-11-05T08:57:01","date_gmt":"2025-11-05T07:57:01","guid":{"rendered":"https:\/\/wf.lattmann.de\/business\/?post_type=product&#038;p=1476"},"modified":"2026-05-11T08:42:22","modified_gmt":"2026-05-11T06:42:22","slug":"twin-tin","status":"publish","type":"product","link":"https:\/\/wf.lattmann.de\/business\/produkt\/twin-tin\/","title":{"rendered":"Twin Tin"},"content":{"rendered":"<p>Die besondere Bonbondose.<\/p>\n<p>Die wei\u00dfe Schiebedeckeldose ist mit zwei F\u00fcllungen best\u00fcckt, getrennt durch einen Steg.<\/p>\n<p>Inhalt: Pfefferminzdragees + Bunte Fruchtdragees<\/p>\n<p>Gr\u00f6\u00dfe: 53 x 53 x 10 mm<\/p>\n<p>Mit W&amp;F Logo<\/p>\n<p>&nbsp;<\/p>\n","protected":false},"excerpt":{"rendered":"<p>VE: 10 St\u00fcck<\/p>\n<p>&nbsp;<\/p>\n<p>Wieder verf\u00fcgbar ab ca. KW 23<\/p>\n","protected":false},"featured_media":1481,"template":"","meta":[],"product_brand":[],"product_cat":[42],"product_tag":[],"class_list":{"0":"post-1476","1":"product","2":"type-product","3":"status-publish","4":"has-post-thumbnail","6":"product_cat-werbeartikel","8":"first","9":"outofstock","10":"shipping-taxable","11":"purchasable","12":"product-type-simple"},"_links":{"self":[{"href":"https:\/\/wf.lattmann.de\/business\/wp-json\/wp\/v2\/product\/1476","targetHints":{"allow":["GET"]}}],"collection":[{"href":"https:\/\/wf.lattmann.de\/business\/wp-json\/wp\/v2\/product"}],"about":[{"href":"https:\/\/wf.lattmann.de\/business\/wp-json\/wp\/v2\/types\/product"}],"wp:featuredmedia":[{"embeddable":true,"href":"https:\/\/wf.lattmann.de\/business\/wp-json\/wp\/v2\/media\/1481"}],"wp:attachment":[{"href":"https:\/\/wf.lattmann.de\/business\/wp-json\/wp\/v2\/media?parent=1476"}],"wp:term":[{"taxonomy":"product_brand","embeddable":true,"href":"https:\/\/wf.lattmann.de\/business\/wp-json\/wp\/v2\/product_brand?post=1476"},{"taxonomy":"product_cat","embeddable":true,"href":"https:\/\/wf.lattmann.de\/business\/wp-json\/wp\/v2\/product_cat?post=1476"},{"taxonomy":"product_tag","embeddable":true,"href":"https:\/\/wf.lattmann.de\/business\/wp-json\/wp\/v2\/product_tag?post=1476"}],"curies":[{"name":"wp","href":"https:\/\/api.w.org\/{rel}","templated":true}]}}